 be (2/(-3))/(2/(-3)). Let h(v) = 7*v**2 + v - 1. Calculate h(z).
7
Let t(z) = z**3 + 7*z**2 - 2*z - 10. Let c be t(-7). Let u(p) be the third derivative of -1/2*p**3 - 1/24*p**c + 0*p + p**2 + 0. Determine u(0).
-3
Let r(a) = a**3 - a**2 - 4*a. Let j(c) = 2*c + 1. Let s(x) = -3*x - 1. Let o(q) = -5*j(q) - 4*s(q). Let n be o(2). Determine r(n).
6
Let f be 55/(-15) + (-2)/(-3). Let w(z) = -4*z + 3. Let x(b) = -3*b + 3. Let a(i) = f*x(i) + 2*w(i). Suppose -n - 3*n = -12. Give a(n).
0
Let z(y) be the third derivative of y**8/6720 - y**7/630 - y**6/120 + y**5/120 - 7*y**4/24 - 7*y**2. Let i(j) be the second derivative of z(j). Calculate i(5).
-4
Let a = 3 + -10. Let v = 4 + a. Let l(x) = -2*x + 4. Calculate l(v).
10
Let u(b) be the second derivative of -b**4/12 + b**3/2 - b**2/2 - b. Let h = 3 + 2. Suppose -3*l = -4*x - 4, 0*l = l - h*x + 6. Give u(l).
-5
Let l(w) = -26*w**3 - 3*w**2 + 3*w - 3. Let h(s) = 13*s**3 + 2*s**2 - 2*s + 2. Let b(v) = 5*h(v) + 3*l(v). Determine b(1).
-12
Let h(i) = -i**2 - 7*i - 7. Let n be (-2)/(-6)*(-24 + -5 + 8). Give h(n).
-7
Let y(g) = g**2 + 4*g + 3. Let k = 9 - 1. Suppose 5*p + k = p. Let a be -4 - (0 + p + 1). Calculate y(a).
0
Let h(a) be the third derivative of -a**7/2520 + 7*a**6/720 - a**5/15 - a**4/12 + 4*a**2. Let v(z) be the second derivative of h(z). Give v(6).
-2
Let c(p) = p**3 - 10*p**2 - p + 7. Let k = -41 - -51. Give c(k).
-3
Let b = 89 + -87. Let s(q) = 6*q**3 - 8*q**2 + 3*q + 3. Let p(i) = -7*i**3 + 9*i**2 - 3*i - 4. Let n(w) = 4*p(w) + 5*s(w). What is n(b)?
5
Suppose -4*v + v = -6. Let x(g) = 5*g + v + 3*g - 9*g. Give x(2).
0
Let m(q) be the first derivative of -1/3*q**3 + q + 1/4*q**4 + 0*q**2 + 7. Calculate m(1).
1
Suppose -7*l + 23 + 5 = 0. Let q(g) = 2*g - 4. Give q(l).
4
Let t(v) = 2*v**2 + v + 1. Let f be 3*(-1 - 5/(-3)). Suppose f*u = 3*u + 2. Give t(u).
7
Let o(l) = 3 + l + 0 - 4 - 1. Suppose 3*y + 4*d = 4*y + 13, 0 = 2*y + 5*d. Give o(y).
-7
Let c(f) = -3*f**2 - f**2 + 2*f**2. Let t(u) = -u**3 + 9*u**2 - 10. Let s be t(9). Let n be s/6 + 6/(-18). What is c(n)?
-8
Let j(n) = n**3 + n**2 - 4*n + 3. Let p be (-2)/4 - 1/6*-15. Calculate j(p).
7
Let p(x) = 2*x**2 + 11*x + 25. Let a(s) = s**2 + 5*s + 12. Let v(l) = 9*a(l) - 4*p(l). Determine v(0).
8
Suppose 3*o = 5*o + 6. Let f(k) = -7*k - 87*k**2 - 4 + 10*k + 88*k**2. Determine f(o).
-4
Let a(d) be the second derivative of d**3/6 - d. Give a(-4).
-4
Let t(s) = -s - 3. Let v(w) = -w - 7. Let k(y) = 9*t(y) - 4*v(y). Let r = -16 + 19. Give k(r).
-14
Let i(f) = 2*f - 3. Let z be (-1 - 5)*(-4)/12. Let c be i(z). Let p(h) = -h**2 - h - c + h**3 - 4*h + 3*h. Give p(-2).
-9
Let u(p) = 249*p - p**3 + 0*p**3 - 3*p**2 + 0*p**3 - 247*p + 3. What is u(-4)?
11
Let w(m) be the second derivative of -m**6/720 - m**4/4 + 2*m. Let d(x) be the third derivative of w(x). Give d(-5).
5
Let d(y) = 3*y - 4*y + 0*y**3 - 3 + 4*y**2 + y**3. Let a(c) = -5*c - 1 + 4*c + 3*c - c**2. Let t be a(3). Give d(t).
1
Let s = -6 + 11. Let v = 12 - -30. Suppose s = -5*x - 4*b + v, 4*x - 17 = b. Let d(o) = -o**2 + 5*o + 5. What is d(x)?
5
Let d(o) = 7*o**2 + 5*o - 5. Let u(q) = 4*q**2 + 3*q - 3. Let n(i) = 3*d(i) - 5*u(i). Calculate n(-3).
9
Let c(m) be the first derivative of -m**3/2 + m**2/2 - 9*m - 6. Let b(j) be the first derivative of c(j). Determine b(-3).
10
Let n(t) = -t**3 + t + 1. Let z(u) = -4*u**3 + u**2 + 7*u + 6. Let y(m) = 5*n(m) - z(m). Suppose 5*q = 19 + 41. Let w = -13 + q. Determine y(w).
1
Let s(m) = m**3 - 21*m**2 + 19*m + 26. Let h be s(20). Let i(q) = -2*q + 8. Give i(h).
-4
Let i(g) = g**3 - 3*g**2 - g + 2. Suppose w + 0*w = 4*h + 14, -5 = -w + h. Suppose -2*p + v = -6*p - w, p + 2*v = -4. Let m = p - -3. Calculate i(m).
-1
Suppose -2*w = -8*w - 24. Let i(m) = 2*m - 8*m + 0 - m**2 - 1. What is i(w)?
7
Let g(w) be the third derivative of -1/8*w**4 + 0 + 1/30*w**5 + 0*w**3 + 0*w - 3*w**2. Calculate g(3).
9
Let m(d) = -7*d**2 - 4*d - 2. Suppose 3*y - 2*y - u = -5, 4*y - u + 8 = 0. Let j(r) = -r**2 - 1. Let p(h) = y*m(h) + 6*j(h). What is p(-4)?
-4
Let n = 11 - 11. Let h(b) = b + n*b**3 - 4*b**2 - b - 3*b + 6 + b**3. Let s(i) = -i**3 + 3*i**2 + 5*i. Let u be s(4). Calculate h(u).
-6
Let f(v) = -55*v - 2*v**3 + 54*v + 2 + 8*v**2 - 5*v**2. Determine f(2).
-4
Suppose -4 - 2 = -3*g. Suppose g*a = -4*l + 4, 2*l + 2*l = 8. Let z(j) = -2 + 2*j**2 + j**2 + 2*j**3 + j**2 + 5*j - 3*j. Calculate z(a).
-6
Let m(w) be the first derivative of w**3/3 + 3*w**2 + 2*w + 17. Give m(-6).
2
Let k(z) be the second derivative of -z**3/3 - 3*z**2 - z. Let j be k(-5). Let b(l) = 4 - l + 2 - l. Give b(j).
-2
Suppose -4*u + 6 = -2*d, 3*u - 2*d = -7*d + 11. Let h(n) = -n**3 + 3*n**2 - 6*n + u*n + 1 + 2. Determine h(2).
-1
Let h(v) be the second derivative of -v**5/20 + 3*v**4/4 - 7*v**3/6 - 4*v**2 - 3*v. Let j be h(8). Let l(a) = a**3 - a**2 - a - 2. What is l(j)?
-2
Suppose 2*y = -5*z + 22, 0*y = 3*y - 3. Let o be 4/(-14) - (-2)/7. Let v(t) = 5*t + 1 + o*t - t**2 - 2. Determine v(z).
3
Suppose -2*c + 15 = -5*t, -4*t - 5 = -3*c - 0*t. Let g(r) = r**3 + 5*r**2 - r + 1. Give g(c).
6
Let a = -180 - -176. Let p(n) = n**2 + n - 3. What is p(a)?
9
Let d(a) = -a**3 + 4*a**2 - a. Let r(h) = h**2 - 3*h - 3. Let v be r(4). Let b(s) = -s**3 + 3. Let o be b(0). Let n = v + o. Give d(n).
-4
Let t(s) be the third derivative of s**6/720 - s**5/24 + s**4/8 - 3*s**2. Let i(h) be the second derivative of t(h). Give i(0).
-5
Suppose -x + 5 = -2*h, 0 = -4*x - x + 5. Let y(m) = -m**3 - 2*m**2 + 2. Give y(h).
2
Let m(x) = -2 - 1 + 0 + 5*x**2 + 3*x + 0*x - x**3. Let n(q) = -q**2 + 1. Let v(c) = m(c) + 3*n(c). Let f = -2 - -5. Calculate v(f).
0
Let y(z) = z - 5. Let g = 19 + -8. Let n = -15 + g. Determine y(n).
-9
Let z(y) = 3*y**2 - 4*y + 2. Suppose -c - 2 = 0, -3*p - c = -1 - 6. Suppose -2*j = p*u + 23, -3*u + 7*u + 54 = -5*j. Let h be 3/(-6) + j/(-4). Determine z(h).
6
Let m = -29 - -40. Suppose -2*t + 5*s - 2*s + m = 0, -2*t - 4*s = 24. Let w(p) = 2*p**3 + 2*p**2 + 1. Give w(t).
-7
Let d(m) = 4*m - 12. Let h(v) = 5*v - 12. Let x(l) = 6*d(l) - 5*h(l). Let u(n) = n - 4. Let r be u(-2). Determine x(r).
-6
Let v(y) be the first derivative of 4 - 1/3*y**3 + 1/2*y**2 + y. What is v(3)?
-5
Let j(u) = u**2 - 6*u - 7. Suppose 7 + 3 = 3*w - 5*s, 3*w + 3*s = 18. What is j(w)?
-12
Let b(p) be the third derivative of 1/120*p**6 - 2*p**2 - 1/30*p**5 - 1/12*p**4 + 0*p + 0 + 1/2*p**3. Determine b(2).
-1
Let i(y) = -2*y**2 + 3*y. Let s be 6/51 + (-302)/(-34). Let x(d) = 0 + 9*d + 4 - d**2 - 2. Let o be x(s). Calculate i(o).
-2
Let i = 124/3 - 41. Let o(k) be the second derivative of 3*k + 0*k**4 - i*k**3 + 1/2*k**2 + 0 - 3/10*k**5. Determine o(1).
-7
Suppose v = -2*a - 8, -2*v + 3*a + 4 = -1. Let q(y) = 3*y**2 - y - 17. Let o(t) = -t**2 + 4. Let m(j) = 9*o(j) + 2*q(j). Calculate m(v).
-6
Let m(t) = -t + 7. Let k be m(7). Suppose 3*j + k*j = 12. Let q(i) = -1 - 5 - j + i + 2. Determine q(6).
-2
Let p(w) = 3*w - 1. Let d = 7 - 9. What is p(d)?
-7
Suppose -2*t = 2*t - 12. Let v(k) be the third derivative of k**6/120 - k**5/15 + k**4/12 - 48*k**2. Calculate v(t).
-3
Let p(l) = -l**2 + 3*l + 2. Let u(i) = i**3 - 3*i**2 + 6. Let y be u(3). Give p(y).
-16
Let k(l) = l**3 + 9*l**2 - 11*l - 3. Let d be k(-10). Let o(w) = w**3 - 7*w**2 + 8. Give o(d).
8
Let j(r) = 2 - 3*r**2 - 5*r + 3*r**3 + 3*r**3 - 5*r**3. Give j(4).
-2
Suppose -5*y - 5*h = -11 - 4, y - 2*h = -6. Let s(r) = 5*r**3 + 2 - 4*r**3 - 5. Calculate s(y).
-3
Let a = -8 - -6. Let d(q) = -2*q - 1. Let u be d(a). Let x(n) = -n + 0 - 1 + u. What is x(5)?
-3
Let r be 0 - -5 - (1 + 1). Suppose p - 9 = -r*p - h, -16 = 4*p - 4*h. Let o(y) = -2*y**3 + 2*y - 1. Determine o(p).
-1
Let q(h) = -5*h**2 - h + 1. Let o = 12 + 7. Suppose o = d + 18. Give q(d).
-5
Let g(f) = -f**3 - 3*f**2 + f - 4. Suppose d = -0*d + 11. Let u = d - 14. Determine g(u).
-7
Let a(h) = h**3 + 5*h**2 + h + 7. Let w = -49 + 15. Let y be w/8 - 3/4. Give a(y).
2
Let q(f) = 13*f - 1. Let d(j) = -j**2 + 4*j + 1. Let b be d(4). Determine q(b).
12
Suppose 0 = 4*j - 16 - 28. Let z be (-4)/6 + j/3. Let t(d) = 4*d - d**3 - 3*d - 5 + 2 - z*d**2. Give t(-3).
-6
Let o(z) = 0 + 6*z**2 - 3 - 5*z - z - z**3 + 6. What is o(5)?
-2
Let b(j) = -j**3 - 5*j**2 - 5*j + 1. Let d(w) = w**3 + 5*w**2 + 5*w. Let z(i) = 5*b(i) + 6*d(i). Wh